
Let t = 776 + -398. Let z = t - 250. What are the prime factors of z?
2
Let u = 4548 + -2020. What are the prime factors of u?
2, 79
Let y = 9 + -10. Let o = y - 26. Let z = -16 - o. List the prime factors of z.
11
Suppose 4*p + 453 = 5*y, 4*p = 6*y - 10*y - 480. Let f = p - -127. List the prime factors of f.
2, 5
Let v(p) = -4*p**2 - 2*p - 1. Let s be v(-1). Let c(n) = 12*n - 4. Let o(k) = 13*k - 5. Let h(q) = -4*c(q) + 3*o(q). List the prime factors of h(s).
2, 7
Suppose 2133*f = 2157*f - 158640. What are the prime factors of f?
2, 5, 661
List the prime factors of 21/((-3)/3)*60/(-9).
2, 5, 7
Let u(a) = -a**2 + 4*a. Let s be u(2). Suppose -9*w + s*w + 55 = 0. List the prime factors of w.
11
Suppose 5*c = -4*o + 60, -17 + 77 = 4*o - 2*c. Suppose o = 2*d - 15. Suppose 0 = -4*y + d + 5. What are the prime factors of y?
5
Let c be (3 - -2)*(-12)/(-30). Suppose -d = -5*x + 65, 2*x + c*d = d + 33. What are the prime factors of x?
2, 7
Let i = -1496 + 2220. List the prime factors of i.
2, 181
Let s = 10 - 6. Suppose -2*t - 2*t = 4*o - 116, -4*o = -s*t + 76. List the prime factors of 0/(-2) + t + -3.
3, 7
Let f(s) = s**3 - 10*s**2 - 13*s + 6. Let l be f(11). Let b be (-1508)/(-14) - l/56. Suppose 2*c - b = -c. List the prime factors of c.
2, 3
Suppose 0*p + 3 = -p, -4*p - 5372 = -2*z. What are the prime factors of z?
2, 5, 67
Suppose 2405 = 6*z - 4453. Suppose 4*i + 287 = z. What are the prime factors of i?
2, 107
Let v = 874 - 799. Let k = 0 + 5. Suppose -k*s = -60 - v. What are the prime factors of s?
3
Let l be (20/3)/((-2)/(-3)). Let y = 98 - l. List the prime factors of y.
2, 11
Let j = -2 - -3. Suppose 4*c + 5*l = 37, -l - j = 3*c - 15. Suppose c*b = -4*y + 29, 22 = 4*b + y + y. List the prime factors of b.
3
Suppose -2*p + 4*p = 28. Let b(x) be the third derivative of x**6/120 - 7*x**5/30 + x**4/12 + 3*x**3/2 + x**2 + 109. List the prime factors of b(p).
37
Let w be (6/10)/(32/30 - 1). Suppose -4*g = -w*n + 13*n - 1232, -4*n - 2*g = -1238. What are the prime factors of n?
311
Let r(m) = -11 - 3*m + 3 + 4*m. Let l be r(8). Suppose l = s - 5 + 3. What are the prime factors of s?
2
Let s be (-156)/84 + (-1)/7. Let t = 2 - s. What are the prime factors of t?
2
Suppose 5*i - 4*r + 48 = 5, 10 = 5*r. Let n = 14 + i. List the prime factors of (-6)/1*n/(-21).
2
Suppose 75 + 60 = 9*u. Suppose 0 = u*l - 10*l - 675. What are the prime factors of l?
3, 5
Let k(o) be the third derivative of o**5/60 + 5*o**4/12 + 3*o**3 - 9*o**2. Let n be k(-8). What are the prime factors of (-4 + n)*62/(-4)?
31
Suppose 31 = 2*k + 5*n, -3*k = -n - 0*n - 4. Suppose 0 = -k*h - 1 - 44. Let d = 26 + h. List the prime factors of d.
11
Suppose 4*d + 0 = -4. Let w(b) = 9*b**3 - 2*b**2 + 1. Let f be w(1). Let y = d + f. What are the prime factors of y?
7
Let r(o) = 2566*o**2 + 9*o - 9. List the prime factors of r(1).
2, 1283
List the prime factors of -6 - -300 - (6 + -2).
2, 5, 29
Let c be (-12)/(-20) + (-488)/(-20). Suppose -c*h + 31*h = 54. What are the prime factors of h?
3
Let g = 4701 - -44. What are the prime factors of g?
5, 13, 73
Suppose -267 = -4*b - 5*s, 5*s - 17 = -42. Let r = b + -59. What are the prime factors of r?
2, 7
Let u be ((-10)/8)/(-5)*(16 - 4). Suppose u*b = 3*c + 516, 3*c = -4*b + 921 - 254. What are the prime factors of b?
13
Suppose -3*q - 18 = -2*b, -2*q + 7 = 3*b + 19. Let c(y) = y**3 + 6*y**2 + y + 6. Let x be c(q). Let g = 16 + x. List the prime factors of g.
2
List the prime factors of (-5 - -9) + 604 - (3 + 1).
2, 151
Let u(y) = -13*y**2 - y + 5. Let q(k) = -53*k**2 - 5*k + 21. Let x(p) = 2*q(p) - 9*u(p). Let r be 2*(-5 - -10 - 4). What are the prime factors of x(r)?
3, 13
Let m(u) be the first derivative of 2*u**3/3 - 6*u**2 + 5*u + 11. Let p be m(10). Suppose -z - 4*z = -p. What are the prime factors of z?
17
Let v(q) be the first derivative of -3*q**2/2 - 13*q + 10. Let s be v(-5). What are the prime factors of 6*s/4 + 8?
11
Suppose 0 = -7*q + 4037 - 915. List the prime factors of q.
2, 223
Let w(p) be the second derivative of p**4/6 - p**3/2 - 3*p**2 + p. Let d be w(5). Let m = d - 21. What are the prime factors of m?
2
Let c = 1348 - 420. What are the prime factors of c?
2, 29
Let n = -30 - -16. Let b be 9/6 - n/4. Let g(l) = -l**3 + 7*l**2 - l - 7. List the prime factors of g(b).
2, 19
Let z = -51 + 188. Let k = z - 86. List the prime factors of k.
3, 17
Let o = 101 + -101. Suppose -5*y + 12*y - 1358 = o. What are the prime factors of y?
2, 97
List the prime factors of 18/(-30) + -978*(-67)/10.
2, 3, 7, 13
Let c(s) = 1957*s**2 - 12*s - 14. What are the prime factors of c(-1)?
5, 17, 23
Suppose 3*k - 3*p - 66 = 0, 5*k - 3*p = 34 + 68. Let r = 19 + k. What are the prime factors of r?
37
Let d(f) be the second derivative of -f**3/2 - 7*f**2 + 5*f. Suppose -3*x - 21 - 9 = 0. What are the prime factors of d(x)?
2
Suppose -107*v = -102*v - 705. List the prime factors of v.
3, 47
List the prime factors of (4329/(-78))/((-6)/92).
23, 37
Let g be -4 + (-5)/(-10)*-2. What are the prime factors of (-22)/(-55) - 423/g?
5, 17
Let d be ((-10)/(-6))/(55/198). Suppose -s = 2*g - 88, 0*g - 2*g = -d. List the prime factors of s.
2, 41
Let j(k) = 13*k - 21. Let g be j(11). Let n = g + -70. Suppose 2*c = -0*c + n. What are the prime factors of c?
2, 13
Let q(w) = 2*w - 6. Let s = -5 - -10. Let z be q(s). Suppose -4*d - 2*j + 6 = 0, -9 = 4*d + j + z*j. List the prime factors of d.
2
Let d = -314 - -412. List the prime factors of d.
2, 7
Let t(y) = 40*y + 5. Let d(z) be the second derivative of 13*z**3/6 + z**2 + 4*z. Let f(b) = 8*d(b) - 3*t(b). List the prime factors of f(-1).
17
What are the prime factors of ((-14)/2 - -84)*11?
7, 11
Let q(d) = -2*d**3 + 5*d**2 + 12*d + 47. What are the prime factors of q(-8)?
5, 7, 37
Suppose 4*t - 102 - 230 = 0. Let r be (3 - (5 + -3)) + t. What are the prime factors of 30/(-4)*r/(-18)?
5, 7
Let f = 1471 + -876. Suppose -6*i - f = -13*i. List the prime factors of i.
5, 17
Let f = 990 - 919. List the prime factors of f.
71
Suppose -7*u + 5*j - 13 = -3*u, 3 = -4*u + 3*j. Suppose -a = o + o, -5*o = u*a - 3. Suppose 5*l - a*l + 30 = 0. List the prime factors of l.
2, 3, 5
Let m(a) = -a - 3 + 92*a**2 + 6*a - 59*a**2 + 0. List the prime factors of m(3).
3, 103
List the prime factors of 491111/97 - (1 - 7).
37, 137
Suppose -127 = -2*w - 25. Let g = 91 - w. List the prime factors of g.
2, 5
Let n(r) be the third derivative of r**4/6 - 5*r**3/6 - r**2. List the prime factors of n(6).
19
List the prime factors of ((-236)/5)/(7/(-280)).
2, 59
Let q = 64 + -44. Let n = -19 - q. Let x = -20 - n. List the prime factors of x.
19
Let c = 253 - 113. Let m = c + -66. List the prime factors of m.
2, 37
Let d(g) = 336*g - 616. List the prime factors of d(9).
2, 7, 43
Let i = -1 - -4. Suppose 2*k - 3 = -i*s, 3*k + 4 = 5*s - 1. Suppose -3*v - 2*p + 92 = k, -44 = -3*v - 4*p + 56. What are the prime factors of v?
2, 7
What are the prime factors of (-1 - 1 - -7)/((-2)/(-194))?
5, 97
Let b(d) be the second derivative of 3*d**3/2 - 3*d**2 - 13*d. List the prime factors of b(10).
2, 3, 7
Let z be (-399)/(-28) + (-2)/8. Let x be 2/(-14) - 1468/z. Let p = -37 - x. List the prime factors of p.
2, 17
Let a be (-1227)/33 - (-12)/66. Let b = 216 + a. List the prime factors of b.
179
Let u(a) = -a**2 - 3*a - 2. Let h be u(4). Let j = h + 23. Let t(q) = -3*q - 2. List the prime factors of t(j).
19
Let o(v) = v**3 + v**2 - 2*v + 49. Let s = 4 + -4. Let z be o(s). Suppose 8 = 2*f - 2, 4*b = -5*f + z. List the prime factors of b.
2, 3
Suppose 0 = -3*p - 22 + 148. Let i = p + 4. Suppose n = 4, -4*n = r + n - i. List the prime factors of r.
2, 13
Let b be ((-24)/20)/(6/(-20)). Suppose b*q - 14 = 2*q - 3*a, q = -3*a + 10. List the prime factors of -116*q/48*-3.
29
Suppose 0 = 3*m - 19*m + 6656. List the prime factors of m.
2, 13
Suppose 0 = t - 1014 - 165. What are the prime factors of t?
3, 131
Let q = -529 - -1131. List the prime factors of q.
2, 7, 43
Let r = -5 - -13. Suppose 4*p = r*p - 120. What are the prime factors of p?
2, 3, 5
Suppose 2*l - 2*o - 189 = 511, -3*o + 1074 = 3*l. List the prime factors of l.
2, 3, 59
Suppose 23*j - 3096 = 21*j. List the prime factors of j.
2, 3, 43
Let j = -28 - -496. What are the prime factors of j?
2, 3, 13
Let s = 59 + -